{"id":456,"date":"2018-12-03T20:26:37","date_gmt":"2018-12-04T02:26:37","guid":{"rendered":"http:\/\/www.difvictoria.gob.mx\/?page_id=456"},"modified":"2018-12-03T22:05:00","modified_gmt":"2018-12-04T04:05:00","slug":"placas-de-circulacion-especial-para-personas-con-discapacidad","status":"publish","type":"page","link":"http:\/\/www.difvictoria.gob.mx\/index.php\/placas-de-circulacion-especial-para-personas-con-discapacidad\/","title":{"rendered":"Placas de circulaci\u00f3n especial para personas con discapacidad"},"content":{"rendered":"<h3><strong>Introducci\u00f3n<\/strong><\/h3>\n<p>El Gobierno del Estado, a trav\u00e9s de la Secretar\u00eda de Finanzas, con el objeto de hacer m\u00e1s \u00e1gil y transparente el proceso de autorizaci\u00f3n, venta o asignaci\u00f3n de placas automotrices\u00a0 a veh\u00edculos propiedad de personas con Discapacidad, que tienen alg\u00fan problema\u00a0 para trasladarse y requieren la utilizaci\u00f3n de espacios de estacionamiento especiales para ellos, da continuidad al programa implementado en ejercicios anteriores, en el que personal autorizado del Sistema para el Desarrollo Integra l de la Familia del Estado de Tamaulipas de cada municipio, accesa al portal de Internet de la Secretar\u00eda a registrar la autorizaci\u00f3n de la placa , una vez que el contribuyente re\u00fane los requisitos requeridos.<\/p>\n<p>Se otorga cuando el propietario del veh\u00edculo es la persona con discapacidad o a familiares en primer grado (esposo, padre o madre), al hijo solo cuando vive en el mismo domicilio.<\/p>\n<p><strong>Objetivo<\/strong><\/p>\n<p>Permite hacer uso de los cajones de estacionamiento exclusivo para personas con discapacidad neuromotora permanente.<\/p>\n<p><strong>Poblaci\u00f3n Beneficiada<\/strong><\/p>\n<p>Personas con discapacidad motora permanente que utilicen alg\u00fan tipo de aditamento para su desplazamiento como sillas de ruedas, muletas, andador, bast\u00f3n , ortesis o pr\u00f3tesis.<\/p>\n<p>En este caso puede solicitar hasta dos juegos de placas, siempre y cuando acredite que ambos veh\u00edculos se encuentran registrados a su nombre y solo un juego de placas est\u00e1 exento de pago, el otro juego de placas tendr\u00e1 el costo regular.<\/p>\n","protected":false},"excerpt":{"rendered":"<p>Introducci\u00f3n El Gobierno del Estado, a trav\u00e9s de la Secretar\u00eda de Finanzas, con el objeto de hacer m\u00e1s \u00e1gil y transparente el proceso de autorizaci\u00f3n, venta o asignaci\u00f3n de placas automotrices\u00a0 a veh\u00edculos propiedad de personas con Discapacidad, que tienen alg\u00fan problema\u00a0 para trasladarse y requieren la utilizaci\u00f3n de espacios de estacionamiento especiales para ellos, da continuidad al programa implementado&hellip;<\/p>\n","protected":false},"author":1,"featured_media":0,"parent":0,"menu_order":0,"comment_status":"closed","ping_status":"closed","template":"","meta":{"footnotes":""},"class_list":["post-456","page","type-page","status-publish","hentry"],"_links":{"self":[{"href":"http:\/\/www.difvictoria.gob.mx\/index.php\/wp-json\/wp\/v2\/pages\/456","targetHints":{"allow":["GET"]}}],"collection":[{"href":"http:\/\/www.difvictoria.gob.mx\/index.php\/wp-json\/wp\/v2\/pages"}],"about":[{"href":"http:\/\/www.difvictoria.gob.mx\/index.php\/wp-json\/wp\/v2\/types\/page"}],"author":[{"embeddable":true,"href":"http:\/\/www.difvictoria.gob.mx\/index.php\/wp-json\/wp\/v2\/users\/1"}],"replies":[{"embeddable":true,"href":"http:\/\/www.difvictoria.gob.mx\/index.php\/wp-json\/wp\/v2\/comments?post=456"}],"version-history":[{"count":4,"href":"http:\/\/www.difvictoria.gob.mx\/index.php\/wp-json\/wp\/v2\/pages\/456\/revisions"}],"predecessor-version":[{"id":499,"href":"http:\/\/www.difvictoria.gob.mx\/index.php\/wp-json\/wp\/v2\/pages\/456\/revisions\/499"}],"wp:attachment":[{"href":"http:\/\/www.difvictoria.gob.mx\/index.php\/wp-json\/wp\/v2\/media?parent=456"}],"curies":[{"name":"wp","href":"https:\/\/api.w.org\/{rel}","templated":true}]}}