{"id":455,"date":"2018-12-03T20:26:37","date_gmt":"2018-12-04T02:26:37","guid":{"rendered":"http:\/\/www.difvictoria.gob.mx\/?page_id=455"},"modified":"2018-12-03T21:57:39","modified_gmt":"2018-12-04T03:57:39","slug":"tarjetones-para-uso-exclusivo-de-cajones-de-discapacidad","status":"publish","type":"page","link":"http:\/\/www.difvictoria.gob.mx\/index.php\/tarjetones-para-uso-exclusivo-de-cajones-de-discapacidad\/","title":{"rendered":"Tarjetones para uso exclusivo de cajones de discapacidad"},"content":{"rendered":"<p><strong>Introducci\u00f3n:<\/strong><\/p>\n<p>El Sistema DIF Victoria a trav\u00e9s del programa Atenci\u00f3n a Personas con Discapacidad &#8220;Sin L\u00edmites&#8221; desde el inicio de la presente administraci\u00f3n otorga el servicio de tarjetones de estacionamiento exclusivo a la poblaci\u00f3n con discapacidad motor que utilice andador, muletas y\/o silla de ruedas.<\/p>\n<p><strong>Objetivos:<\/strong><\/p>\n<p>Otorgar un documento oficial que tiene la misma validez y uso que la placa para ocupar los cajones de estacionamiento exclusivo para personas con discapacidad ya sea permanente o temporal.<\/p>\n<p><strong>Poblaci\u00f3n Objetivo:<\/strong><\/p>\n<p>Poblaci\u00f3n con discapacidad motriz en el municipio de Victoria.<\/p>\n<p><strong>Cobertura:<\/strong><\/p>\n<p>Zona Urbana del Municipio de Victoria<\/p>\n<p><strong>Caracter\u00edsticas de los tarjetones:<\/strong><\/p>\n<ul>\n<li>Color azul, para personas con discapacidad motriz permanente y tiene una vigencia de tres a\u00f1os.<\/li>\n<li>Color blanco, para personas con discapacidad temporal, en el cual no se especifica la fecha de caducidad ya que est\u00e1 se inscribir\u00e1 conforme al tipo de lesi\u00f3n y su tiempo en sanar.<\/li>\n<\/ul>\n<p>&nbsp;<\/p>\n","protected":false},"excerpt":{"rendered":"<p>Introducci\u00f3n: El Sistema DIF Victoria a trav\u00e9s del programa Atenci\u00f3n a Personas con Discapacidad &#8220;Sin L\u00edmites&#8221; desde el inicio de la presente administraci\u00f3n otorga el servicio de tarjetones de estacionamiento exclusivo a la poblaci\u00f3n con discapacidad motor que utilice andador, muletas y\/o silla de ruedas. Objetivos: Otorgar un documento oficial que tiene la misma validez y uso que la placa&hellip;<\/p>\n","protected":false},"author":1,"featured_media":0,"parent":0,"menu_order":0,"comment_status":"closed","ping_status":"closed","template":"","meta":{"footnotes":""},"class_list":["post-455","page","type-page","status-publish","hentry"],"_links":{"self":[{"href":"http:\/\/www.difvictoria.gob.mx\/index.php\/wp-json\/wp\/v2\/pages\/455","targetHints":{"allow":["GET"]}}],"collection":[{"href":"http:\/\/www.difvictoria.gob.mx\/index.php\/wp-json\/wp\/v2\/pages"}],"about":[{"href":"http:\/\/www.difvictoria.gob.mx\/index.php\/wp-json\/wp\/v2\/types\/page"}],"author":[{"embeddable":true,"href":"http:\/\/www.difvictoria.gob.mx\/index.php\/wp-json\/wp\/v2\/users\/1"}],"replies":[{"embeddable":true,"href":"http:\/\/www.difvictoria.gob.mx\/index.php\/wp-json\/wp\/v2\/comments?post=455"}],"version-history":[{"count":3,"href":"http:\/\/www.difvictoria.gob.mx\/index.php\/wp-json\/wp\/v2\/pages\/455\/revisions"}],"predecessor-version":[{"id":496,"href":"http:\/\/www.difvictoria.gob.mx\/index.php\/wp-json\/wp\/v2\/pages\/455\/revisions\/496"}],"wp:attachment":[{"href":"http:\/\/www.difvictoria.gob.mx\/index.php\/wp-json\/wp\/v2\/media?parent=455"}],"curies":[{"name":"wp","href":"https:\/\/api.w.org\/{rel}","templated":true}]}}