{"id":449,"date":"2018-12-03T20:26:35","date_gmt":"2018-12-04T02:26:35","guid":{"rendered":"http:\/\/www.difvictoria.gob.mx\/?page_id=449"},"modified":"2021-06-16T09:43:45","modified_gmt":"2021-06-16T15:43:45","slug":"sin-limites","status":"publish","type":"page","link":"http:\/\/www.difvictoria.gob.mx\/index.php\/sin-limites\/","title":{"rendered":"Sin L\u00edmites"},"content":{"rendered":"<p><a href=\"http:\/\/www.difvictoria.gob.mx\/index.php\/inclusion-sin-limites\/\">Inclusi\u00f3n &#8220;Sin L\u00edmites&#8221;<\/a><\/p>\n<p><a href=\"http:\/\/www.difvictoria.gob.mx\/index.php\/ruta-sin-limites\/\">Ruta &#8220;Sin L\u00edmites&#8221;<\/a><\/p>\n<p><a href=\"http:\/\/www.difvictoria.gob.mx\/index.php\/servicio-de-taxi-sin-limites\/\">Servicio de Taxi &#8220;Sin L\u00edmites&#8221;<\/a><\/p>\n<p><a href=\"http:\/\/www.difvictoria.gob.mx\/index.php\/dotacion-sin-limites\/\">Dotaci\u00f3n &#8220;Sin L\u00edmites&#8221;<\/a><\/p>\n<p><a href=\"http:\/\/www.difvictoria.gob.mx\/index.php\/tarjetones-para-uso-exclusivo-de-cajones-de-discapacidad\/\">Tarjetones para uso exclusivo de cajones de discapacidad<\/a><\/p>\n<p><a href=\"http:\/\/www.difvictoria.gob.mx\/index.php\/placas-de-circulacion-especial-para-personas-con-discapacidad\/\">Placas de circulaci\u00f3n especial para personas con discapacidad<\/a><\/p>\n<p><a href=\"http:\/\/www.difvictoria.gob.mx\/index.php\/espacios-exclusivos-de-estacionamiento-para-personas-con-discapacidad\/\">Espacios exclusivos de estacionamiento para personas con discapacidad<\/a><\/p>\n<p><a href=\"http:\/\/www.difvictoria.gob.mx\/index.php\/credencial-nacional-para-personas-con-discapacidad-crenaped\/\">Credencial nacional para personas con discapacidad (CRENAPED)<\/a><\/p>\n<p><a href=\"http:\/\/www.difvictoria.gob.mx\/index.php\/seguimiento-educativo-sin-limites\/\">Seguimiento Educativo Becas &#8220;Sin L\u00edmites&#8221;<\/a><\/p>\n<p><a href=\"http:\/\/www.difvictoria.gob.mx\/index.php\/apoyo-alimentario\/\">Apoyo alimentario<\/a><\/p>\n<p>&nbsp;<\/p>\n","protected":false},"excerpt":{"rendered":"<p>Inclusi\u00f3n &#8220;Sin L\u00edmites&#8221; Ruta &#8220;Sin L\u00edmites&#8221; Servicio de Taxi &#8220;Sin L\u00edmites&#8221; Dotaci\u00f3n &#8220;Sin L\u00edmites&#8221; Tarjetones para uso exclusivo de cajones de discapacidad Placas de circulaci\u00f3n especial para personas con discapacidad Espacios exclusivos de estacionamiento para personas con discapacidad Credencial nacional para personas con discapacidad (CRENAPED) Seguimiento Educativo Becas &#8220;Sin L\u00edmites&#8221; Apoyo alimentario &nbsp;<\/p>\n","protected":false},"author":1,"featured_media":0,"parent":0,"menu_order":0,"comment_status":"closed","ping_status":"closed","template":"","meta":{"footnotes":""},"class_list":["post-449","page","type-page","status-publish","hentry"],"_links":{"self":[{"href":"http:\/\/www.difvictoria.gob.mx\/index.php\/wp-json\/wp\/v2\/pages\/449","targetHints":{"allow":["GET"]}}],"collection":[{"href":"http:\/\/www.difvictoria.gob.mx\/index.php\/wp-json\/wp\/v2\/pages"}],"about":[{"href":"http:\/\/www.difvictoria.gob.mx\/index.php\/wp-json\/wp\/v2\/types\/page"}],"author":[{"embeddable":true,"href":"http:\/\/www.difvictoria.gob.mx\/index.php\/wp-json\/wp\/v2\/users\/1"}],"replies":[{"embeddable":true,"href":"http:\/\/www.difvictoria.gob.mx\/index.php\/wp-json\/wp\/v2\/comments?post=449"}],"version-history":[{"count":4,"href":"http:\/\/www.difvictoria.gob.mx\/index.php\/wp-json\/wp\/v2\/pages\/449\/revisions"}],"predecessor-version":[{"id":506,"href":"http:\/\/www.difvictoria.gob.mx\/index.php\/wp-json\/wp\/v2\/pages\/449\/revisions\/506"}],"wp:attachment":[{"href":"http:\/\/www.difvictoria.gob.mx\/index.php\/wp-json\/wp\/v2\/media?parent=449"}],"curies":[{"name":"wp","href":"https:\/\/api.w.org\/{rel}","templated":true}]}}