{"id":2659,"date":"2019-09-10T10:30:48","date_gmt":"2019-09-10T16:30:48","guid":{"rendered":"http:\/\/www.difvictoria.gob.mx\/?page_id=2659"},"modified":"2021-06-16T09:42:45","modified_gmt":"2021-06-16T15:42:45","slug":"denuncias-y-o-quejas","status":"publish","type":"page","link":"http:\/\/www.difvictoria.gob.mx\/index.php\/denuncias-y-o-quejas\/","title":{"rendered":"Denuncias y\/o quejas"},"content":{"rendered":"<h1>Denuncias y\/o quejas en contra de servidores p\u00fablicos del DIF de Victoria.<\/h1>\n<div class=\"wpforms-container wpforms-container-full\" id=\"wpforms-2658\"><form id=\"wpforms-form-2658\" class=\"wpforms-validate wpforms-form\" data-formid=\"2658\" method=\"post\" enctype=\"multipart\/form-data\" action=\"\/index.php\/wp-json\/wp\/v2\/pages\/2659\" data-token=\"ab9cff1890224478edf848489781301a\"><noscript class=\"wpforms-error-noscript\">Por favor, activa JavaScript en tu navegador para completar este formulario.<\/noscript><div class=\"wpforms-field-container\"><div id=\"wpforms-2658-field_1-container\" class=\"wpforms-field wpforms-field-text\" data-field-id=\"1\"><label class=\"wpforms-field-label\" for=\"wpforms-2658-field_1\">Nombre: <span class=\"wpforms-required-label\">*<\/span><\/label><input type=\"text\" id=\"wpforms-2658-field_1\" class=\"wpforms-field-medium wpforms-field-required\" name=\"wpforms[fields][1]\" required><div class=\"wpforms-field-description\">Nombre(s) y apellido(s)<\/div><\/div><div id=\"wpforms-2658-field_2-container\" class=\"wpforms-field wpforms-field-text\" data-field-id=\"2\"><label class=\"wpforms-field-label\" for=\"wpforms-2658-field_2\">Direcci\u00f3n <span class=\"wpforms-required-label\">*<\/span><\/label><input type=\"text\" id=\"wpforms-2658-field_2\" class=\"wpforms-field-medium wpforms-field-required\" name=\"wpforms[fields][2]\" required><div class=\"wpforms-field-description\">Calle, n\u00famero y colonia\/fraccionamiento<\/div><\/div><div id=\"wpforms-2658-field_3-container\" class=\"wpforms-field wpforms-field-text\" data-field-id=\"3\"><label class=\"wpforms-field-label\" for=\"wpforms-2658-field_3\">C\u00f3digo Postal<\/label><input type=\"text\" id=\"wpforms-2658-field_3\" class=\"wpforms-field-medium wpforms-masked-input\" data-inputmask-mask=\"99999\" data-rule-empty-blanks=\"1\" name=\"wpforms[fields][3]\" ><\/div><div id=\"wpforms-2658-field_4-container\" class=\"wpforms-field wpforms-field-email\" data-field-id=\"4\"><label class=\"wpforms-field-label\" for=\"wpforms-2658-field_4\">Correo electr\u00f3nico <span class=\"wpforms-required-label\">*<\/span><\/label><input type=\"email\" id=\"wpforms-2658-field_4\" class=\"wpforms-field-medium wpforms-field-required\" name=\"wpforms[fields][4]\" required><\/div><div id=\"wpforms-2658-field_6-container\" class=\"wpforms-field wpforms-field-select\" data-field-id=\"6\"><label class=\"wpforms-field-label\" for=\"wpforms-2658-field_6\">Motivo de la queja o denuncia en contra de servidores p\u00fablicos municipales:  <span class=\"wpforms-required-label\">*<\/span><\/label><select id=\"wpforms-2658-field_6\" class=\"wpforms-field-medium wpforms-field-required\" name=\"wpforms[fields][6]\" required=\"required\"><option value=\"Usted no fue atendido(a) correctamente al realizar un tr\u00e1mite y\/o servicio\" >Usted no fue atendido(a) correctamente al realizar un tr\u00e1mite y\/o servicio<\/option><option value=\"Usted realiz\u00f3 un pago y no se le entreg\u00f3 comprobante oficial\" >Usted realiz\u00f3 un pago y no se le entreg\u00f3 comprobante oficial<\/option><option value=\"Cobro indebido de tr\u00e1mite y\/o servicio\" >Cobro indebido de tr\u00e1mite y\/o servicio<\/option><option value=\"Abuso de autoridad&quot; &quot;Realizar actividades no oficiales en horario laboral\" >Abuso de autoridad&quot; &quot;Realizar actividades no oficiales en horario laboral<\/option><option value=\"Negligencia\" >Negligencia<\/option><option value=\"Nepotismo\" >Nepotismo<\/option><option value=\"Soborno\/extorsi\u00f3n\" >Soborno\/extorsi\u00f3n<\/option><option value=\"Omisi\u00f3n de normatividad\" >Omisi\u00f3n de normatividad<\/option><option value=\"Falsificaci\u00f3n o alteraci\u00f3n de documentos\" >Falsificaci\u00f3n o alteraci\u00f3n de documentos<\/option><option value=\"Contrataci\u00f3n de un servidor p\u00fablico inhabilitado\" >Contrataci\u00f3n de un servidor p\u00fablico inhabilitado<\/option><option value=\"Enriquecimiento il\u00edcito\" >Enriquecimiento il\u00edcito<\/option><option value=\"Uso de bienes muebles oficiales para asuntos personales\" >Uso de bienes muebles oficiales para asuntos personales<\/option><\/select><\/div><div id=\"wpforms-2658-field_5-container\" class=\"wpforms-field wpforms-field-text\" data-field-id=\"5\"><label class=\"wpforms-field-label\" for=\"wpforms-2658-field_5\">Describa clara y brevemente la queja o denuncia: <span class=\"wpforms-required-label\">*<\/span><\/label><input type=\"text\" id=\"wpforms-2658-field_5\" class=\"wpforms-field-medium wpforms-field-required\" name=\"wpforms[fields][5]\" required><\/div><\/div><div class=\"wpforms-field wpforms-field-hp\"><label for=\"wpforms-2658-field-hp\" class=\"wpforms-field-label\">Message<\/label><input type=\"text\" name=\"wpforms[hp]\" id=\"wpforms-2658-field-hp\" class=\"wpforms-field-medium\"><\/div><div class=\"wpforms-submit-container\"><input type=\"hidden\" name=\"wpforms[id]\" value=\"2658\"><input type=\"hidden\" name=\"wpforms[author]\" value=\"1\"><button type=\"submit\" name=\"wpforms[submit]\" id=\"wpforms-submit-2658\" class=\"wpforms-submit\" data-alt-text=\"Enviando...\" data-submit-text=\"Enviar\" aria-live=\"assertive\" value=\"wpforms-submit\">Enviar<\/button><\/div><\/form><\/div>  <!-- .wpforms-container -->\n<p><em>Aviso de Privacidad.<\/em><\/p>\n<ul>\n<li><em>Sus datos personales est\u00e1n protegidos en apego a los t\u00e9rminos de la <a href=\"http:\/\/po.tamaulipas.gob.mx\/wp-content\/uploads\/2017\/08\/Ley_Proteccion_Datos.pdf\">Ley de Protecci\u00f3n de Datos Personales en Posesi\u00f3n de Sujetos Obligados del Estado de Tamaulipas.<\/a><\/em><\/li>\n<\/ul>\n<ul>\n<li><a href=\"http:\/\/www.ciudadvictoria.gob.mx\/sivic\/aviso-de-privacidad-integral\/\">Aviso de Privacidad Integral<\/a><\/li>\n<\/ul>\n","protected":false},"excerpt":{"rendered":"<p>Denuncias y\/o quejas en contra de servidores p\u00fablicos del DIF de Victoria. Aviso de Privacidad. Sus datos personales est\u00e1n protegidos en apego a los t\u00e9rminos de la Ley de Protecci\u00f3n de Datos Personales en Posesi\u00f3n de Sujetos Obligados del Estado de Tamaulipas. Aviso de Privacidad Integral<\/p>\n","protected":false},"author":1,"featured_media":0,"parent":0,"menu_order":0,"comment_status":"closed","ping_status":"closed","template":"","meta":{"footnotes":""},"class_list":["post-2659","page","type-page","status-publish","hentry"],"_links":{"self":[{"href":"http:\/\/www.difvictoria.gob.mx\/index.php\/wp-json\/wp\/v2\/pages\/2659","targetHints":{"allow":["GET"]}}],"collection":[{"href":"http:\/\/www.difvictoria.gob.mx\/index.php\/wp-json\/wp\/v2\/pages"}],"about":[{"href":"http:\/\/www.difvictoria.gob.mx\/index.php\/wp-json\/wp\/v2\/types\/page"}],"author":[{"embeddable":true,"href":"http:\/\/www.difvictoria.gob.mx\/index.php\/wp-json\/wp\/v2\/users\/1"}],"replies":[{"embeddable":true,"href":"http:\/\/www.difvictoria.gob.mx\/index.php\/wp-json\/wp\/v2\/comments?post=2659"}],"version-history":[{"count":1,"href":"http:\/\/www.difvictoria.gob.mx\/index.php\/wp-json\/wp\/v2\/pages\/2659\/revisions"}],"predecessor-version":[{"id":2660,"href":"http:\/\/www.difvictoria.gob.mx\/index.php\/wp-json\/wp\/v2\/pages\/2659\/revisions\/2660"}],"wp:attachment":[{"href":"http:\/\/www.difvictoria.gob.mx\/index.php\/wp-json\/wp\/v2\/media?parent=2659"}],"curies":[{"name":"wp","href":"https:\/\/api.w.org\/{rel}","templated":true}]}}